 5*b + 17 + 3 = 0. What is the remainder when 32 is divided by 16 + (1 - 5)/b?
15
Suppose 7*k = -v + 3*k + 38, 88 = 2*v + 2*k. Let w(q) = 17*q**2. Calculate the remainder when v is divided by w(-1).
12
Let h be -2*(4 + -8 - -3). Suppose -i = -h*y + i + 10, 15 = 5*i. Let g = 0 + 5. Calculate the remainder when y is divided by g.
3
Let f = -2354 - -2381. Calculate the remainder when 182 is divided by f.
20
Suppose 6*g = 8*g + 3*y - 63, -5*g = 3*y - 144. Calculate the remainder when 53 is divided by g.
26
Suppose 21 = -6*y + 51. Suppose -3*n + y*n = 118. What is the remainder when n is divided by 10?
9
Let u = 45 - 30. Calculate the remainder when 147 is divided by (u/2)/((-14)/(-28)).
12
Suppose -636*w - 7740 = -654*w. Calculate the remainder when w is divided by 138.
16
Let k(n) = -2*n**3 - 27*n**2 + 2*n + 9. Calculate the remainder when k(-14) is divided by 26.
21
Let h = 1014 + -936. What is the remainder when 620 is divided by h?
74
Let a(r) = -r + 5. Let y be a(2). Suppose 0 = -5*n - 3*l - 5, n + 5*l + 23 = -0*n. Calculate the remainder when y/(-1*(-9)/6) is divided by n.
0
Suppose 3*x - 5*k = 0, -4*x + 38 = 5*k + 3. Suppose 5 = x*m - 0*m. Let j = 9 - m. Calculate the remainder when 30 is divided by j.
6
Let d = -237 + 258. Suppose 7*w - 4*w + 2*r = 71, -3*r = -4*w + 123. Let l = w + -19. Calculate the remainder when d is divided by l.
5
Suppose 18 = -r + 4*r. Let p(i) = -9*i**2 + 64*i + 15. Calculate the remainder when p(7) is divided by r.
4
Calculate the remainder when (54/(-2))/((-3 - -10)/(-7)) is divided by (-4)/(-4 - (-30)/9).
3
Suppose -6*r + r = 10. What is the remainder when 49 is divided by (-2 + r)*(-102)/24?
15
Let o(l) = -l - 13. Let h be o(-15). Suppose -4*x - h = -10. Suppose -1 = c - 0, x*c - 198 = -5*v. What is the remainder when 77 is divided by v?
37
Let x = -3593 + 3622. What is the remainder when x is divided by 4/(-10) - 87/(-5)?
12
Let t = -250 - -278. Calculate the remainder when 305 is divided by t.
25
Let j = -17 + 23. Suppose h - 37 + 0 = 0. Suppose -4 = 3*p - h. What is the remainder when p is divided by j?
5
Let c(f) = 26*f**3 + f**2 + 12*f - 12. Calculate the remainder when 46 is divided by c(1).
19
Suppose 0 = -31*a + 9517 + 1023. Calculate the remainder when a is divided by 57.
55
Calculate the remainder when 896/(-42)*(-1 - 1 - 1) is divided by 22.
20
Let i be 10/3*(-15)/(-10). Let w(b) = -b**2 + 8*b - 7. Let z be w(i). Suppose 10*c - z*c = 6. Calculate the remainder when 10 is divided by c.
1
Suppose v = -5*v + 132. Let h = 24 - v. Suppose h = 2*j + 10, 18 = o + 4*j. What is the remainder when o is divided by 18?
16
Let m be (8/(-6))/((-1)/3). Suppose -v - m*v + 310 = 0. What is the remainder when v is divided by (-1*216/48)/(6/(-28))?
20
Let d(j) = 60*j - 22. What is the remainder when 150 is divided by d(1)?
36
Let h = 41 + -12. Suppose -2*v + 8 + 0 = -4*n, -3*n + h = v. Calculate the remainder when v is divided by 4.
2
Suppose -3*q + 5*m + 29 = 0, q - 2*m - 35 = -2*q. Calculate the remainder when -3 + 53 - (1 + 0 - 1) is divided by q.
11
Suppose -2*a - 2*a + 636 = 0. Calculate the remainder when a is divided by 28.
19
Let f(w) = 2*w**2 - 27*w + 54. Suppose 82 = 3*z + 25. What is the remainder when f(19) is divided by z?
16
Let q = -9 + 16. Suppose 15 = 3*c - 21. Calculate the remainder when (q/21)/((-2)/(-204)) is divided by c.
10
Let l be 14/(-2) - -1 - 15/(-5). Calculate the remainder when 20 is divided by l/(-9) + (-123)/(-9).
6
Suppose -2*z + 2*v + 76 = 0, -7*z + 9*z - 69 = -5*v. What is the remainder when 105 is divided by z?
31
Suppose 2*n + 6 + 0 = -2*r, 3*r = n + 7. Let f be (18/n)/(11/(-88)). Suppose -f = -4*w - 2*h, 4 - 6 = -h. What is the remainder when 21 is divided by w?
5
Suppose 0 = g + 4*x - 62, 0 = -2*g + 2*x + 4 + 70. Let m = -30 + g. Calculate the remainder when m is divided by 3.
0
Suppose 0 = -3*c + 6 + 18. Suppose -c = 4*y - 156. What is the remainder when y is divided by 8?
5
Suppose -m - 3*k = -34 - 31, -2*k - 173 = -3*m. Calculate the remainder when 117 is divided by m.
58
Let l = 133 - -76. Suppose l = 4*u - 3*g, -4*u - 2*g = 3*g - 249. Let q = u - 33. Calculate the remainder when q is divided by 6.
5
Suppose -2 - 6 = -4*v, -263 = -5*a - 4*v. Let y = -58 - -78. Suppose -90 = -25*h + y*h. What is the remainder when a is divided by h?
15
Let h = 4 - 2. Let z be 2/(3*h/15). Suppose z*c - 2*b = b + 321, -3*b = c - 57. What is the remainder when c is divided by 11?
8
Let f be (-1470)/189 + 2/(-9). Let m(i) = -i**2 - 11*i - 16. What is the remainder when 31 is divided by m(f)?
7
Suppose 0 = 5*s + 2*k - 48, -s + 3*k = 4*s - 53. Calculate the remainder when 45 is divided by s.
5
Let x = 285 + -273. What is the remainder when 179 is divided by x?
11
Suppose -29*o + 4*l = -34*o + 893, -3*l + 183 = o. What is the remainder when o is divided by 172?
5
Suppose f - 31 = -5*p, -2*f + p = 3*f - 25. Suppose -4*y + 20 = 0, y + y + f = 2*m. Calculate the remainder when 59 is divided by m.
3
Let u be (-2)/((-8)/12) + -2. What is the remainder when 39 is divided by 11/(u + (-4)/8)?
17
Let z = 23 - 30. What is the remainder when 37 is divided by (1 - z)*(0 + 1)?
5
Suppose -u + 2790 = 2747. Calculate the remainder when 62 is divided by u.
19
Let f = -48 + 81. Let t(a) = -37*a + 204. Calculate the remainder when f is divided by t(5).
14
Let w be 4/14 - 2028/42. Let c = 73 + w. Suppose 3*b - c = -13. What is the remainder when 19 is divided by b?
3
Suppose -5*b = -f + 121 - 33, 4*b = -5*f + 353. Calculate the remainder when 215 is divided by f.
69
Suppose -3*j - b = 2*j - 14, 3*j + 2*b = 7. Suppose 51 = -j*n - 0*n. Calculate the remainder when (n/2)/((-4)/8) is divided by 10.
7
Let p = 65 + -3. Let y be 6 - (3 - 2 - -1). Suppose y*k - p = 162. Calculate the remainder when k is divided by 20.
16
Suppose 6 - 26 = -5*a. Suppose -4*j = a*t - 28 - 16, -2*t - j + 25 = 0. Let y = 180 - 126. Calculate the remainder when y is divided by t.
12
Suppose -577 + 1135 = 13*v - 716. Let f(z) = -2*z**3 + 2*z**2 + 3*z + 2. What is the remainder when v is divided by f(-2)?
18
What is the remainder when 238 is divided by 23/((-1)/6*-3) + 3?
42
Let w(h) = -2*h**2 - 137*h + 224. Suppose 612 = 5*a - g, -3*a - 4*g + 167 = -191. What is the remainder when a is divided by w(-70)?
10
Let c(k) be the third derivative of k**4/24 + 11*k**3/3 + 7*k**2. What is the remainder when c(-9) is divided by 5?
3
What is the remainder when 60/2*(-3 + (13 - 5)) is divided by 44?
18
Suppose 0*h = -3*h. Suppose 5*s - 66 - 79 = h. Suppose 100 = 8*f + 2*f. What is the remainder when s is divided by f?
9
Suppose 4*w - 2183 = -5*o, -6*w + 11*w + o - 2755 = 0. Calculate the remainder when w is divided by 16.
8
Let f(t) = -t**3 - 14*t**2 + 15*t + 23. Calculate the remainder when 65 is divided by f(-15).
19
Suppose -23 - 5 = -4*z. Suppose -z*l + 3*l - c + 51 = 0, 3*l - 5*c - 21 = 0. Calculate the remainder when l is divided by 4.
0
Let v(x) = -x + 4. Suppose 4*s - 12 = s, 4*z - 68 = 2*s. Let a = 43 - z. Calculate the remainder when a is divided by v(-5).
6
Let v be -6*(14/3)/(-7). Suppose 43 = -0*c + 3*c - 2*z, 3*c = v*z + 53. Calculate the remainder when c is divided by 7.
4
Let t(l) = -17 + 0*l + 14 + 4*l - l**2. Let x be t(2). Let r = x + 12. Calculate the remainder when r is divided by 3.
1
Suppose -238 = -4*i - 13*i. Let a = 24 - -3. Let b = a - i. What is the remainder when 23 is divided by b?
10
Let n(c) = 4*c + 92 - 86 + 6*c - 3*c**2 + 5*c**2. Let d(k) = k**2 - 7*k + 23. What is the remainder when d(7) is divided by n(-5)?
5
Suppose 3*u = 7*u - 3*g - 1, 0 = -5*u - g + 25. What is the remainder when 65 is divided by u?
1
Suppose 5*l - 129 = -d, -8*d + 73 = 3*l - 3*d. What is the remainder when 180 is divided by l?
24
Let n(p) = 2*p - 23. Let c be n(14). Suppose 3*d + 58 = x, 5*x = 6*x - c*d - 66. What is the remainder when 91 is divided by x?
45
Suppose o - 4*d = 3 + 27, o - 6 = -2*d. Let v = o + 9. Calculate the remainder when 89 is divided by v.
20
Let g = 195 - 176. Calculate the remainder when 63 is divided by g.
6
What is the remainder when 12/8*2480/24 is divided by 28?
15
Suppose 5*c - 17 = 4*f, 2*c = -2*c + 5*f + 10. Suppose -c*u = -4*m + 91, 3*m - 2*u = u + 66. What is the remainder when 37 is divided by m?
18
Let p be (14/6)/((-5)